late h(-7).
-1771
Let x(p) = -p**3 - 9*p**2 + 104*p + 130. What is x(-15)?
-80
Let v(a) = -a**3 - 31*a**2 + 1632*a + 48025. What is v(-28)?
-23
Let u(m) = -523385*m - 5233828. What is u(-10)?
22
Let x(i) = -3*i**2 + 10197*i - 81476. Give x(8).
-92
Let u(t) = -26*t**2 + 4165*t - 20762. Calculate u(5).
-587
Let x(u) = -4870*u - 175204. Calculate x(-36).
116
Let j(o) = o**2 + 79*o - 3293. Give j(-108).
-161
Let r(w) = -w**3 + 97*w**2 - 513*w - 7522. What is r(13)?
5
Let l(b) = 8149*b + 16260. What is l(-2)?
-38
Let x(d) = -d**3 - 415*d**2 + 8661*d + 784. Determine x(20).
4
Let q(a) = -a**2 - 73*a + 1509. Determine q(-37).
2841
Let q(z) = 460*z + 3698. Calculate q(-8).
18
Let f(v) = 146*v**3 - 79134*v**2 + 1085*v - 533. Give f(542).
9
Let j(m) = m**2 + 34*m - 822. What is j(-55)?
333
Let n(c) = -2274*c + 618535. Give n(272).
7
Let r(b) = b**2 + 2306*b + 72842. Calculate r(-32).
74
Let c(h) = h**2 + 244*h - 2804. Give c(11).
1
Let j(v) = 672*v - 88. Calculate j(2).
1256
Let a(l) = 2306*l - 975446. Determine a(423).
-8
Let r(x) = -x**3 + 73*x**2 - 1052*x - 188. Give r(20).
-28
Let m(y) = 586*y - 15649. Give m(27).
173
Let k(i) = i**3 - 361*i**2 + 11885*i + 3835. Determine k(37).
24
Let r(c) = 40446*c + 1536944. Calculate r(-38).
-4
Let f(t) = t**3 + 340*t**2 - 762*t - 143436. Give f(-341).
125
Let r(u) = u**2 + 4509*u - 63405. Determine r(14).
-83
Let y(b) = 3101*b - 486841. Give y(157).
16
Let c(r) = r**3 - 19*r**2 - 195*r + 34. Calculate c(-8).
-134
Let f(r) = -r**2 - 203*r + 16615. What is f(62)?
185
Let a(q) = q**2 - 10945*q - 759992. What is a(-69)?
-26
Let z(s) = -1136*s - 20724. Give z(-18).
-276
Let d(k) = -41*k**2 + 20*k + 191. Determine d(-4).
-545
Let f(u) = 1126*u - 207205. Calculate f(184).
-21
Let n(g) = -g**3 + 43*g**2 + 1610*g - 105. What is n(67)?
29
Let y(w) = 8100*w - 380711. What is y(47)?
-11
Let h(q) = 15451*q - 46523. Give h(3).
-170
Let s(j) = -2480*j + 24685. Give s(10).
-115
Let v(o) = o**2 - 351*o + 30194. Give v(151).
-6
Let n(c) = 17*c + 3619. What is n(-211)?
32
Let q(y) = 6*y**2 + 49*y - 475. Determine q(10).
615
Let q(a) = 4*a**3 + 1059*a**2 - 2412*a - 2423. Give q(-267).
-20
Let s(y) = -109*y**2 - 1292*y + 242. What is s(-12)?
50
Let y(j) = -j**3 + 17*j**2 + 52*j + 325. Determine y(20).
165
Let l(c) = 28*c**2 + 4*c - 74. Calculate l(3).
190
Let z(d) = d**3 - 22*d**2 - 17*d + 1215. Determine z(20).
75
Let s(b) = b**3 + 40*b**2 - 274*b + 116. Calculate s(-46).
24
Let b(k) = 380*k - 35357. Give b(93).
-17
Let r(t) = -t**3 + 154*t**2 - 126*t - 1824. What is r(153)?
2307
Let m(n) = -18771*n - 93818. Give m(-5).
37
Let b(j) = 90589*j + 271765. Determine b(-3).
-2
Let h(f) = -736*f**2 + 103773*f + 415. Calculate h(141).
-8
Let w(s) = -s**2 - 1509*s + 15195. Give w(10).
5
Let k(v) = -2*v**3 + 196343*v + 392687. What is k(-2)?
17
Let z(w) = 7*w**2 - 158*w + 798. Calculate z(19).
323
Let f(n) = 2969*n - 816466. Give f(275).
9
Let h(i) = -177627*i - 1421014. Determine h(-8).
2
Let p(v) = 2*v**3 - 21*v**2 - 1432*v - 10014. Determine p(-15).
-9
Let v(j) = 4*j**3 - 51*j**2 - 21*j + 672. What is v(12)?
-12
Let o(y) = -5*y**2 - 731*y - 26714. Give o(-71).
-18
Let s(i) = i**3 - 28*i**2 - 34*i - 75. Give s(32).
2933
Let m(f) = -f**3 - 2*f**2 + 112*f - 231. Determine m(9).
-114
Let z(d) = -12618*d**2 - 12669*d - 45. What is z(-1)?
6
Let l(k) = 9703*k + 97046. Determine l(-10).
16
Let r(k) = 5441*k - 27231. Calculate r(5).
-26
Let j(u) = -21*u**2 - 696*u - 750. Calculate j(-22).
4398
Let n(x) = -760*x + 18978. Give n(25).
-22
Let u(l) = 5*l**3 + 9*l**2 + 69*l + 50. Calculate u(-1).
-15
Let a(l) = -2*l**2 + 3223*l - 19367. Determine a(6).
-101
Let q(y) = -3*y**2 - 330*y - 3732. Give q(-97).
51
Let r(k) = 2*k**2 - 116*k - 252. Calculate r(60).
-12
Let t(c) = c**2 + 104*c + 2379. Calculate t(-82).
575
Let c(v) = 5*v**3 + 23*v**2 - 322*v - 1670. Calculate c(-6).
10
Let r(d) = -5*d**3 + 3023*d**2 + 19534*d + 10997. Give r(611).
-1
Let g(i) = i**3 - 463*i**2 - 14637*i + 6776927. What is g(463)?
-4
Let g(l) = 2826*l - 14164. What is g(5)?
-34
Let d(n) = -5*n**2 + 347*n - 2226. Determine d(51).
2466
Let r(m) = -1714*m - 14289. Give r(-8).
-577
Let d(g) = -g**2 - 158*g - 3204. What is d(-22)?
-212
Let s(j) = -5*j**3 + 1187*j**2 - 474*j + 65. What is s(237)?
65
Let g(j) = 37107*j**2 + 333960*j + 49. Give g(-9).
76
Let g(m) = 21150*m + 4314601. What is g(-204)?
1
Let n(x) = x**3 + 229*x**2 - 2889*x + 397. What is n(-241)?
-326
Let o(r) = -r**3 + 109*r**2 - 3939*r + 192149. What is o(89)?
-2
Let x(q) = -q**3 + 212*q**2 - 3680*q + 82. Calculate x(19).
-165
Let w(l) = -6*l**2 - 40*l - 131. Determine w(8).
-835
Let x(z) = -235*z + 25613. Determine x(109).
-2
Let n(m) = m**3 + 65*m**2 + 54*m - 125. Give n(-64).
515
Let q(t) = -3*t**2 + 4216*t - 839010. What is q(240)?
30
Let i(y) = 36*y**2 + 61*y - 141. What is i(4)?
679
Let n(b) = -3*b**3 - 81*b**2 + 47*b + 1354. Calculate n(-27).
85
Let h(c) = 7*c**2 - 206*c + 772. Give h(24).
-140
Let t(j) = j**3 + 1641*j**2 - 62055*j + 52002. Determine t(-1678).
-16
Let d(m) = -3*m**2 + 396*m - 5859. Calculate d(17).
6
Let t(u) = -9*u**3 + 7213*u**2 - 2786*u - 334817. Determine t(801).
1
Let n(q) = 2774*q - 55370. Give n(20).
110
Let k(t) = t**3 - 90*t**2 + 1947*t - 5285. Give k(58).
-7
Let i(s) = 2*s**3 - 774*s**2 + 5321*s - 386. What is i(380)?
-6
Let k(l) = -82*l + 8457. What is k(106)?
-235
Let q(s) = 3*s**2 - 13871*s - 111161. Calculate q(-8).
-1
Let w(j) = -7*j**2 + 2877*j - 8518. Calculate w(408).
50
Let o(k) = -3*k**3 - 52*k**2 - 186*k - 1956. Calculate o(-16).
-4
Let g(n) = -3*n**2 - 214*n + 2149. What is g(-80)?
69
Let h(i) = -3355*i - 97305. Give h(-29).
-10
Let d(a) = -4011*a - 557551. What is d(-139)?
-22
Let g(f) = f**3 + 26*f**2 - 80*f - 351. What is g(5)?
24
Let v(h) = 71*h**2 + 313*h - 2057. Determine v(-8).
-17
Let q(y) = -27893*y + 279972. Calculate q(10).
1042
Let o(u) = 3*u**2 - 120*u - 2019. Give o(53).
48
Let l(d) = -d**2 - 42469*d - 1951455. Calculate l(-46).
3
Let w(b) = 23519*b + 1387594. Give w(-59).
-27
Let h(c) = -116*c**3 - 14*c**2 + 18*c + 200. Calculate h(-3).
3152
Let x(r) = 207996*r - 416009. Give x(2).
-17
Let o(c) = 2*c**3 - 205*c**2 + 88*c + 1813. Give o(102).
385
Let g(t) = -t**3 + 14*t**2 + 116*t - 34. What is g(13)?
1643
Let w(k) = -18530*k**2 + 203822*k + 94. Calculate w(11).
6
Let z(c) = -154*c + 10034. Calculate z(65).
24
Let j(t) = 3*t**2 + 616*t + 3600. Calculate j(-198).
-756
Let u(q) = 2*q**2 + 2485189*q - 14911205. Determine u(6).
1
Let r(k) = -3*k**2 - 252*k + 579. Calculate r(-85).
324
Let i(q) = -9*q**2 + 524*q + 149. Calculate i(59).
-264
Let m(n) = -172*n**2 + 1867*n + 1869. What is m(-1)?
-170
Let t(w) = -580757*w - 2323031. What is t(-4)?
-3
Let l(v) = 7*v**2 - 2020*v + 135237. Calculate l(183).
0
Let d(x) = -79*x**2 - 2767*x - 116. What is d(-35)?
-46
Let n(a) = -5*a**3 - 112*a**2 + 374*a + 485. Give n(-1).
4
Let t(a) = -3*a**3 - 108*a**2 + 1957*a + 68306. Calculate t(-37).
4
Let d(g) = g**2 + 1055*g + 278190. Determine d(-519).
6
Let q(b) = -2*b**3 - 93*b**2 + 159*b + 856. Determine q(-48).
136
Let o(m) = -m**3 + 10*m**2 + 79839*m - 957765. Give o(12).
15
Let b(r) = -21876*r - 87454. Determine b(-4).
50
Let f(i) = 5578*i - 568963. Determine f(102).
-7
Let y(p) = -7572*p + 938925. Give y(124).
-3
Let c(i) = -303*i**2 + 315729*i - 3115. Determine c(1042).
11
Let w(q) = -q**3 - q**2 - 1214*q - 3651. What is w(-3)?
9
Let q(c) = -2*c**3 + 45*c**2 + 210*c - 248. What is q(-5)?
77
Let g(w) = -4*w**3 - 506*w**2 - 491*w + 16. What is g(-1)?
5
Let z(l) = 137*l**2 - 10415*l + 197. Determine z(76).
-31
Let q(w) = 282*w**2 + 13*w - 371. Determine q(0).
-371
Let q(x) = 1602*x + 259523. Calculate q(-162).
-1
Let s(g) = 9*g**2 + 2305*g - 18515. Calculate s(8).
501
Let x(j) = 129*j**2 - 770*j - 2332. Determine x(-3).
1139
Let h(n) = -5*n**3 - 132*n**2 - 637*n + 40. Give h(-20).
-20
Let x(k) = 15*k**2 + 601*k + 2946. Give x(-5).
316
Let b(y) = -2*y**3 + 41*y**2 - 261*y + 412. Give b(6).
-110
Let g(m) = -58*m**3 + 3829*m**2 - 68*m + 240. Determine g(66).
108
Let c(a) = -8*a**2 + 318*a - 1551. What is c(5)?
-161
Let s(m) = 6*m**2 + 68*m - 318. What is s(-12)?
-270
Let c(l) = -61*l**2 - 57*l + 6765. Calculate c(-11).
11
Let v(d) = -d**2 - 7*d - 683. Determine v(43).
-2833
Le